{"id":1081,"date":"2021-11-16T17:50:30","date_gmt":"2021-11-16T17:50:30","guid":{"rendered":"https:\/\/demos.webbybooster.com\/webbycute\/?page_id=1081"},"modified":"2022-07-08T15:18:54","modified_gmt":"2022-07-08T20:18:54","slug":"aviso-legal","status":"publish","type":"page","link":"https:\/\/demos.webbybooster.com\/webbycute\/aviso-legal\/","title":{"rendered":"Aviso legal"},"content":{"rendered":"\n<p>Est\u00e1s en un espacio comprometido con los derechos de sus usuarios y por raz\u00f3n, tendr\u00e1s m\u00e1xima transparencia y rigor sobre todo que necesitas saber sobre esta web.<\/p>\n\n\n\n<p>Esta web cumple rigurosamente con la Ley Org\u00e1nica 3\/2018, de 5 de diciembre, de Protecci\u00f3n de Datos Personales y garant\u00eda de los derechos digitales (LOPDGDD). Cumple tambi\u00e9n con el Reglamento (UE) 2016\/679 del Parlamento Europeo y del Consejo de 27 de abril de 2016 relativo a la protecci\u00f3n de las personas f\u00edsicas (RGPD), as\u00ed como con la Ley 34\/2002, de 11 de julio, de Servicios de la Sociedad de la Informaci\u00f3n y Comercio Electr\u00f3nico (LSSICE o LSSI).<\/p>\n\n\n\n<p>Los servicios y\/o productos est\u00e1n disponibles s\u00f3lo para las personas jur\u00eddicas y las personas que tengan 16 a\u00f1os.<\/p>\n\n\n\n<h2 class=\"wp-block-heading\"><a><\/a><a><\/a> Identificador del responsable de la web<\/h2>\n\n\n\n<p><strong>Denominaci\u00f3n social<\/strong>: <em>Cata Barrera<\/em><\/p>\n\n\n\n<p><strong>Correo electr\u00f3nico<\/strong>: <em>contacto@catabarrera.com<\/em><\/p>\n\n\n\n<p><strong>Domicilio social<\/strong>: C<em>alle 109 18 B 22 of 302<\/em>, Bogota, Colombia<\/p>\n\n\n\n<p><strong>Su actividad social es:<\/strong> <em>Est\u00e9tica<\/em><\/p>\n\n\n\n<h2 class=\"wp-block-heading\">\u00bfTe preocupan tus datos personales?<\/h2>\n\n\n\n<p>Leer \u201c<a href=\"https:\/\/demos.webbybooster.com\/webbycute\/politica-privacidad\/\">Pol\u00edtica de Privacidad<\/a>\u00ab.<\/p>\n\n\n\n<h2 class=\"wp-block-heading\">Compromisos y obligaciones de los usuarios<\/h2>\n\n\n\n<p>El usuario queda informado, y acepta, que el acceso a la presente web no supone, en modo alguno, el inicio de una relaci\u00f3n comercial con <em>Cata Barrera<\/em> . De esta forma, el usuario se compromete a utilizar el sitio web, sus servicios y contenidos sin contravenir la legislaci\u00f3n vigente, la buena fe y el orden p\u00fablico.<\/p>\n\n\n\n<p>Queda prohibido el uso de la web, con fines il\u00edcitos o lesivos, o que, de cualquier forma, puedan causar perjuicio o impedir el normal funcionamiento del sitio web. Respecto de los contenidos de esta web, se proh\u00edbe:<\/p>\n\n\n\n<ul class=\"wp-block-list\"><li>Su reproducci\u00f3n, distribuci\u00f3n o modificaci\u00f3n, total o parcial, a menos que se cuente con mi autorizaci\u00f3n como leg\u00edtimo titular.<\/li><li>Cualquier vulneraci\u00f3n de los derechos del prestador o de mi como leg\u00edtimo titular.<\/li><li>Su utilizaci\u00f3n para fines comerciales o publicitarios.<\/li><\/ul>\n\n\n\n<p> En la utilizaci\u00f3n de la web <a href=\"https:\/\/demos.webbybooster.com\/webbycute\">catabarrera.com<\/a> el usuario se compromete a no llevar a cabo ninguna conducta que pudiera da\u00f1ar la imagen, los intereses y los derechos de Catalina Barrera o de terceros o que pudiera da\u00f1ar, inutilizar o sobrecargar el portal  <a href=\"https:\/\/demos.webbybooster.com\/webbycute\">catabarrera.com<\/a>  o que impidiera, de cualquier forma, la normal utilizaci\u00f3n de la web.<\/p>\n\n\n\n<p>No obstante, el usuario debe ser consciente de que las medidas de seguridad de los sistemas inform\u00e1ticos en Internet no son enteramente fiables y que, por tanto  <a href=\"https:\/\/demos.webbybooster.com\/webbycute\">catabarrera.com<\/a>  no puede garantizar la inexistencia de malware u otros elementos que puedan producir alteraciones en los sistemas inform\u00e1ticos (software y hardware) del usuario o en sus documentos electr\u00f3nicos y ficheros contenidos en los mismos aunque pongo todos los medios necesarios y las medidas de seguridad oportunas para evitar la presencia de estos elementos da\u00f1inos.<\/p>\n\n\n\n<h2 class=\"wp-block-heading\">Medidas de seguridad<\/h2>\n\n\n\n<p>Los datos personales comunicados por el usuario a <em>Cata Barrera<\/em> pueden ser almacenados en bases de datos automatizadas o no, cuya titularidad corresponde en exclusiva a <em>Cata Barrera<\/em>, asumiendo \u00e9sta todas las medidas de \u00edndole t\u00e9cnica, organizativa y de seguridad que garantizan la confidencialidad, integridad y calidad de la informaci\u00f3n contenida en las mismas de acuerdo con lo establecido en la normativa vigente en protecci\u00f3n de datos.<\/p>\n\n\n\n<p>La comunicaci\u00f3n entre los usuarios y  <a href=\"https:\/\/demos.webbybooster.com\/webbycute\">catabarrera.com<\/a>  utiliza un canal seguro, y los datos transmitidos son cifrados gracias a protocolos a https, por tanto, garantizo las mejores condiciones de seguridad para que la confidencialidad de los usuarios est\u00e9 garantizada.<\/p>\n\n\n\n<h2 class=\"wp-block-heading\">Exclusi\u00f3n de garant\u00edas y responsable<\/h2>\n\n\n\n<p> <em>Cata Barrera<\/em> no otorga ninguna garant\u00eda ni se hace responsable, en ning\u00fan caso, de los da\u00f1os y perjuicios de cualquier naturaleza que pudieran traer causa de:<\/p>\n\n\n\n<ul class=\"wp-block-list\"><li>La falta de disponibilidad, mantenimiento y efectivo funcionamiento de la web, o de sus servicios y contenidos.<\/li><li>La existencia de malware, programas maliciosos o lesivos en los contenidos.<\/li><li>El uso il\u00edcito, negligente, fraudulento o contrario a este Aviso Legal.<\/li><li>La falta de licitud, calidad, fiabilidad, utilidad y disponibilidad de los servicios prestados por terceros y puestos a disposici\u00f3n de los usuarios en el sitio web.<\/li><li>El prestador no se hace responsable bajo ning\u00fan concepto de los da\u00f1os que pudieran dimanar del uso ilegal o indebido de la presente p\u00e1gina web.<\/li><\/ul>\n\n\n\n<h2 class=\"wp-block-heading\">Ley aplicable y jurisdicci\u00f3n<\/h2>\n\n\n\n<p>Con car\u00e1cter general las relaciones entre <em>Cata Barrera<\/em> con los usuarios de sus servicios telem\u00e1ticos, presentes en esta web se encuentran sometidas a la legislaci\u00f3n y jurisdicci\u00f3n espa\u00f1olas y a los tribunales de Bogota.<\/p>\n\n\n\n<p>En caso de que cualquier usuario tuviese alguna duda acerca de estas Condiciones legales o cualquier comentario sobre el portal <a href=\"https:\/\/demos.webbybooster.com\/webbycute\">catabarrera.com<\/a>, por favor dir\u00edjase a contacto@catabarrera.com.<\/p>\n\n\n\n<p>El aviso legal ha sido actualizado por \u00faltima vez el 16\/11\/2021.<\/p>\n","protected":false},"excerpt":{"rendered":"<p>Est\u00e1s en un espacio comprometido con los derechos de sus usuarios y por raz\u00f3n, tendr\u00e1s m\u00e1xima transparencia y rigor sobre todo que necesitas saber sobre esta web. Esta web cumple rigurosamente con la Ley Org\u00e1nica 3\/2018, de 5 de diciembre, de Protecci\u00f3n de Datos Personales y garant\u00eda de los derechos digitales (LOPDGDD). Cumple tambi\u00e9n con [&hellip;]<\/p>\n","protected":false},"author":1,"featured_media":0,"parent":0,"menu_order":0,"comment_status":"closed","ping_status":"closed","template":"","meta":{"footnotes":""},"class_list":["post-1081","page","type-page","status-publish","hentry"],"_links":{"self":[{"href":"https:\/\/demos.webbybooster.com\/webbycute\/wp-json\/wp\/v2\/pages\/1081","targetHints":{"allow":["GET"]}}],"collection":[{"href":"https:\/\/demos.webbybooster.com\/webbycute\/wp-json\/wp\/v2\/pages"}],"about":[{"href":"https:\/\/demos.webbybooster.com\/webbycute\/wp-json\/wp\/v2\/types\/page"}],"author":[{"embeddable":true,"href":"https:\/\/demos.webbybooster.com\/webbycute\/wp-json\/wp\/v2\/users\/1"}],"replies":[{"embeddable":true,"href":"https:\/\/demos.webbybooster.com\/webbycute\/wp-json\/wp\/v2\/comments?post=1081"}],"version-history":[{"count":3,"href":"https:\/\/demos.webbybooster.com\/webbycute\/wp-json\/wp\/v2\/pages\/1081\/revisions"}],"predecessor-version":[{"id":1169,"href":"https:\/\/demos.webbybooster.com\/webbycute\/wp-json\/wp\/v2\/pages\/1081\/revisions\/1169"}],"wp:attachment":[{"href":"https:\/\/demos.webbybooster.com\/webbycute\/wp-json\/wp\/v2\/media?parent=1081"}],"curies":[{"name":"wp","href":"https:\/\/api.w.org\/{rel}","templated":true}]}}